7 and c?
21
Let b = 13 - 13. Let g = 128 - 123. Suppose -g*u + 7*u - 108 = b. Calculate the highest common factor of u and 18.
18
Let b be 2 + -1 + (6 - 9) + 58. What is the greatest common divisor of b and 1288?
56
Let w = 2483 - 2425. Calculate the highest common divisor of 22 and w.
2
Let y be (10/(-6))/((-60)/216). Suppose 720 = -y*w + 16*w. Calculate the highest common factor of w and 48.
24
Let s(o) = o - 7. Let q be s(11). Suppose -3*p + 2*v + 408 - 58 = 0, -7*p - 4*v + 808 = 0. Calculate the greatest common divisor of q and p.
4
Let u(b) = -b**2 - 28*b + 100. Let g be u(-13). Calculate the greatest common divisor of 1003 and g.
59
Let q = -572 + 527. Let t(v) = -2*v + 48. Let a be t(q). What is the highest common divisor of a and 2?
2
Let v be (-196)/(-10) - 16/(-40). Suppose 485 + 390 = 5*w. Suppose -5*f + w = -925. What is the highest common factor of f and v?
20
Let o be ((-60)/(-9))/5*(-9)/(-6). Suppose o*q + 23 = 27. Let r be 61/q + (-45)/18. What is the greatest common divisor of 224 and r?
28
Let x = 552 - 268. Let g be 781/22*7/((-21)/(-30)). What is the greatest common divisor of g and x?
71
Suppose 0 = 2*m + 3*v, 0*v = 4*m + 2*v + 16. Let r be m/(1 - -2) + 14. Let o be 22*-4*24/(-88). What is the greatest common factor of o and r?
12
Suppose 4*h + 10*w - 11*w = 125, 0 = 2*h + 4*w - 58. Suppose 26*j - h*j + 175 = 0. Calculate the greatest common factor of j and 10.
5
Let o = 17640 + -17490. Calculate the greatest common factor of o and 222.
6
Let n be 119 - (-2 - 1*-1). Let x(f) = -2*f**2 + 38*f + 248. Let d be x(-5). Suppose n = -3*s + d*s. What is the highest common divisor of s and 60?
12
Suppose -964 + 906 = -2*h - 5*x, 3*x = 2*h - 10. What is the greatest common factor of h and 11?
1
Suppose 5*n + 80 = x + 26, 0 = -5*x + n + 150. Suppose 7*y + 154 = x*y. What is the greatest common factor of 8 and y?
1
Suppose -2*d = 4*w - 23186, -5*d + 0*d - 2*w = -57973. Let q be d/35 - 7 - 4/14. Suppose 3*s - q = -3*s. What is the greatest common divisor of s and 18?
18
Let g be 0 + -2 + 4/(36/8973). Calculate the highest common factor of 5 and g.
5
Let g(a) = -2*a**3 - 60*a**2 - 58*a + 46. Let l be g(-29). Suppose -45*p = -l*p + 23. What is the highest common factor of 184 and p?
23
Let r = -358 - -193. Let q = r + 382. Calculate the greatest common factor of q and 7.
7
Let v be ((-432)/(-40) - 14)*(-45)/3. What is the greatest common factor of v and 17808?
48
Let c(y) = y**3 - 7*y**2 - 17*y - 2. Let b be c(11). Suppose b - 47 = -4*f. Let l = f + 84. Calculate the highest common divisor of l and 242.
22
Suppose -388 = -5*y - 240*c + 244*c, 0 = -y - 3*c + 70. What is the highest common divisor of 1957 and y?
19
Let o = -6330 - -6649. Let i be 1/((-42)/22 - -2). What is the highest common factor of o and i?
11
Let i = 128 + -74. Suppose 0 = l + 2*b - i, 4*l - 240 = -l + 5*b. Let d = l + -49. What is the greatest common divisor of d and 5?
1
Let m be (-2)/(-6) + 4065/(-45). Let h be 2/(-6) - 3*220/m. Calculate the highest common divisor of 119 and h.
7
Let l = 11622 - 11510. What is the highest common divisor of 144 and l?
16
Let l = -256 - -271. Suppose 6*p = -42 - 36. Let n = p + l. What is the highest common factor of n and 5?
1
Suppose 17*o - 20*o = 3, -4*o - 454 = -2*m. What is the highest common factor of m and 1035?
45
Let j be (-16548)/(-20) + 6 + 81/(-15). Calculate the greatest common factor of 996 and j.
12
Suppose 265 = 18*a + 13. Calculate the greatest common divisor of a and 826.
14
Suppose -1027 = -5*q - b, -q - 5*b + 146 = -45. Calculate the highest common divisor of q and 16.
2
Let d be (-4)/(-50) - (-1174480)/250. Suppose z + d = 10*z. Calculate the greatest common divisor of 58 and z.
58
Let f = -96 - -65. Let p be (-124)/f - -1*11. What is the highest common divisor of 15 and p?
15
Let s be (-2)/(-8)*-2*-4. Suppose s*o + 0*o = 16. Let v(a) = 630*a**2 - 24568*a - 70. Let g be v(39). What is the greatest common divisor of o and g?
8
Let q(a) be the second derivative of -a**3/2 - 14*a**2 + 7*a. Let s be q(6). Let i = 58 + s. What is the greatest common factor of 8 and i?
4
Let t(r) be the second derivative of 19*r**5/20 - r**4/2 + 4*r**3/3 - r**2/2 - r - 2. Let u be t(1). What is the highest common factor of 80 and u?
20
Let i be (2 - 1)/((-9)/(-540)). Calculate the greatest common divisor of 165 and i.
15
Let k(r) = -r**3 + 3*r**2 + 15*r - 28. Let l be k(5). Let p be (1064/l)/(-8)*(0 + 6). Calculate the highest common divisor of 14 and p.
14
Let w be (-3414)/(-4)*23/(207/6) - -6. What is the highest common factor of 825 and w?
25
Let f be (1/8)/((-4)/(-24)) - (-2331)/12. What is the highest common factor of 15 and f?
15
Let l(x) = x**3 - 28*x**2 + 198*x - 18. Let b be l(12). Let o be (6/4)/(2/12). What is the highest common divisor of o and b?
9
Let r(n) = 36*n + 208. Let i be r(28). Let f(b) = -2*b**3 - 4*b**2. Let x be f(-4). What is the highest common divisor of x and i?
64
Let y be (-3)/(-12) - 1656/(-32)*1. What is the greatest common divisor of y and 172?
4
Let x be ((-3)/(-2))/(72/192) - -580. Let u = -338 + x. What is the highest common divisor of 6 and u?
6
Let i be (-12)/(-2)*(-15)/(-2). Let y = -3584 + 3659. What is the highest common divisor of y and i?
15
Let l = 8923 + -8911. Calculate the highest common factor of l and 1176.
12
Let l(m) = 28*m - 2. Let i be l(5). Let p(h) = -3*h**2 + 17*h - 1. Let a = -152 + 155. Let u be p(a). Calculate the greatest common factor of u and i.
23
Let p be (1*-61)/((-71)/71). Suppose 0 = 5*l - l - 156. Let i = p - l. What is the highest common divisor of i and 176?
22
Suppose -19 = 9*c - 10. Let u be (10/4 + c)*1040/30. What is the highest common divisor of u and 130?
26
Let v be (14 - 1264/48)*-195. Calculate the greatest common divisor of 260 and v.
65
Suppose 0 = -4*o - 2*m + 2210, 5*o - 3*o = -3*m + 1107. Calculate the highest common factor of 264 and o.
24
Let r be ((-4680)/(-91))/(13/(-7) + 2). Suppose -44*a = -24*a - 200. Calculate the greatest common factor of r and a.
10
Suppose 0 = 12*w - 26 + 62. Let p(u) = -9*u**3 - 5*u**2 - 7*u - 10. Let o be p(w). What is the greatest common factor of 19 and o?
19
Let q = -6321 - -6356. Calculate the greatest common divisor of 700 and q.
35
Let d be (-35)/((-700)/(-8)) - (-2 - (-14676)/(-15)). Calculate the highest common divisor of 80 and d.
20
Suppose -4*g = 2*g - 48. Suppose z + 5 = g. Suppose 0 = -0*u + 3*u - z, -3*u = -d + 5. What is the greatest common divisor of 8 and d?
8
Suppose -5*k + 4356 = 3*c - 210, c = -k + 1518. What is the highest common divisor of c and 588?
84
Let u = 20 + -11. Let j(t) = 5*t - 36. Let n be j(u). Calculate the greatest common factor of n and 4.
1
Let h = -98 + 101. Suppose -s + h*v + 295 = 0, 0*s = -s - 3*v + 313. Suppose -j = j - s. What is the highest common divisor of j and 19?
19
Let h(k) = -4*k + 13. Let s = -65 - -56. Let x be h(s). Let y = -36 + x. Calculate the greatest common factor of y and 65.
13
Let i be 200/(-125)*(-5)/2. Suppose -r + i*d = -64, -3*r - 5*d - 206 = -6*r. Calculate the highest common divisor of 18 and r.
18
Suppose -4*q = 9681 - 33001. What is the highest common divisor of q and 44?
22
Suppose 5*v = 4*o + 3002, -o + 172 - 1371 = -2*v. Let n = -34 + 60. What is the greatest common divisor of v and n?
26
Let z(o) = 7 - 35*o + o**3 + 0 - 4 - 21*o**2. Let a be z(23). What is the greatest common divisor of a and 8?
8
Let x = -730 + 1133. Let o = 590 - x. What is the highest common divisor of o and 11?
11
Let s be 0 + (-4)/(-22) + (-10)/55. Let p be s + (-1)/(3/(-9)). Let a be ((-2)/8 - p/4)*-1. Calculate the highest common divisor of 9 and a.
1
Let r be 3/(36/44) + (-4)/6. Suppose 5*w - 244 = 2*t, t - 212 = -4*w - r*t. What is the greatest common divisor of w and 10?
10
Suppose x = -5*d + 3*x + 125, 0 = 3*d + 3*x - 54. Suppose -d*c + 347 + 297 = 0. Calculate the highest common factor of 189 and c.
7
Let w(t) = -52*t + 1302. Let g be w(19). Calculate the highest common factor of g and 8.
2
Let z = -21059 + 34658. Let h be z/21 + 21/49. What is the highest common divisor of h and 24?
24
Suppose 5*s - 880 = 5*o, -s + 2*o + 176 = -3*o. Let j = 1611 + -1589. Calculate the highest common divisor of j and s.
22
Let r(w) = 746*w + 10. Let q be r(2). Let l = q - 842. What i